{"id":10530,"date":"2022-11-23T21:19:25","date_gmt":"2022-11-23T21:19:25","guid":{"rendered":"https:\/\/autopecasanhanguera.com.br\/?post_type=product&#038;p=10530"},"modified":"2022-11-23T21:19:25","modified_gmt":"2022-11-23T21:19:25","slug":"sensor-rotacao-uno-mpi-8-val-1","status":"publish","type":"product","link":"https:\/\/autopecasanhanguera.com.br\/index.php\/product\/sensor-rotacao-uno-mpi-8-val-1\/","title":{"rendered":"SENSOR ROTACAO UNO MPI 8 VAL 1"},"content":{"rendered":"<p>DESCRI\u00c7\u00c3O= SENSOR ROTACAO UNO MPI 8 VAL 1 C\u00d3DIGO DO FABRICANTE= DS1802 MARCA = DS<\/p>\n","protected":false},"excerpt":{"rendered":"<p>DESCRI\u00c7\u00c3O= SENSOR ROTACAO UNO MPI 8 VAL 1 C\u00d3DIGO DO FABRICANTE= DS1802 MARCA = DS<\/p>\n","protected":false},"featured_media":0,"template":"","meta":{"om_disable_all_campaigns":false,"_monsterinsights_skip_tracking":false,"_monsterinsights_sitenote_active":false,"_monsterinsights_sitenote_note":"","_monsterinsights_sitenote_category":0},"product_cat":[325],"product_tag":[],"aioseo_notices":[],"_links":{"self":[{"href":"https:\/\/autopecasanhanguera.com.br\/index.php\/wp-json\/wp\/v2\/product\/10530"}],"collection":[{"href":"https:\/\/autopecasanhanguera.com.br\/index.php\/wp-json\/wp\/v2\/product"}],"about":[{"href":"https:\/\/autopecasanhanguera.com.br\/index.php\/wp-json\/wp\/v2\/types\/product"}],"wp:attachment":[{"href":"https:\/\/autopecasanhanguera.com.br\/index.php\/wp-json\/wp\/v2\/media?parent=10530"}],"wp:term":[{"taxonomy":"product_cat","embeddable":true,"href":"https:\/\/autopecasanhanguera.com.br\/index.php\/wp-json\/wp\/v2\/product_cat?post=10530"},{"taxonomy":"product_tag","embeddable":true,"href":"https:\/\/autopecasanhanguera.com.br\/index.php\/wp-json\/wp\/v2\/product_tag?post=10530"}],"curies":[{"name":"wp","href":"https:\/\/api.w.org\/{rel}","templated":true}]}}