{"id":10651,"date":"2022-11-23T21:19:37","date_gmt":"2022-11-23T21:19:37","guid":{"rendered":"https:\/\/autopecasanhanguera.com.br\/?post_type=product&#038;p=10651"},"modified":"2022-11-23T21:19:37","modified_gmt":"2022-11-23T21:19:37","slug":"tampa-bomba-comb-corsa-celta-0","status":"publish","type":"product","link":"https:\/\/autopecasanhanguera.com.br\/index.php\/product\/tampa-bomba-comb-corsa-celta-0\/","title":{"rendered":"TAMPA BOMBA COMB CORSA CELTA 0"},"content":{"rendered":"<p>DESCRI\u00c7\u00c3O= TAMPA BOMBA COMB CORSA CELTA 0 C\u00d3DIGO DO FABRICANTE= VP-70TSA*43*30003 MARCA = VP<\/p>\n","protected":false},"excerpt":{"rendered":"<p>DESCRI\u00c7\u00c3O= TAMPA BOMBA COMB CORSA CELTA 0 C\u00d3DIGO DO FABRICANTE= VP-70TSA*43*30003 MARCA = VP<\/p>\n","protected":false},"featured_media":0,"template":"","meta":{"om_disable_all_campaigns":false,"_monsterinsights_skip_tracking":false,"_monsterinsights_sitenote_active":false,"_monsterinsights_sitenote_note":"","_monsterinsights_sitenote_category":0},"product_cat":[325],"product_tag":[],"aioseo_notices":[],"_links":{"self":[{"href":"https:\/\/autopecasanhanguera.com.br\/index.php\/wp-json\/wp\/v2\/product\/10651"}],"collection":[{"href":"https:\/\/autopecasanhanguera.com.br\/index.php\/wp-json\/wp\/v2\/product"}],"about":[{"href":"https:\/\/autopecasanhanguera.com.br\/index.php\/wp-json\/wp\/v2\/types\/product"}],"wp:attachment":[{"href":"https:\/\/autopecasanhanguera.com.br\/index.php\/wp-json\/wp\/v2\/media?parent=10651"}],"wp:term":[{"taxonomy":"product_cat","embeddable":true,"href":"https:\/\/autopecasanhanguera.com.br\/index.php\/wp-json\/wp\/v2\/product_cat?post=10651"},{"taxonomy":"product_tag","embeddable":true,"href":"https:\/\/autopecasanhanguera.com.br\/index.php\/wp-json\/wp\/v2\/product_tag?post=10651"}],"curies":[{"name":"wp","href":"https:\/\/api.w.org\/{rel}","templated":true}]}}