{"id":11318,"date":"2022-11-23T21:20:31","date_gmt":"2022-11-23T21:20:31","guid":{"rendered":"https:\/\/autopecasanhanguera.com.br\/?post_type=product&#038;p=11318"},"modified":"2022-11-23T21:20:31","modified_gmt":"2022-11-23T21:20:31","slug":"oleo-cambio-85w140sae","status":"publish","type":"product","link":"https:\/\/autopecasanhanguera.com.br\/index.php\/product\/oleo-cambio-85w140sae\/","title":{"rendered":"OLEO CAMBIO 85W140SAE"},"content":{"rendered":"<p>DESCRI\u00c7\u00c3O= OLEO CAMBIO 85W140SAE C\u00d3DIGO DO FABRICANTE= TRANS85W140 MARCA = FALUB<\/p>\n","protected":false},"excerpt":{"rendered":"<p>DESCRI\u00c7\u00c3O= OLEO CAMBIO 85W140SAE C\u00d3DIGO DO FABRICANTE= TRANS85W140 MARCA = FALUB<\/p>\n","protected":false},"featured_media":0,"template":"","meta":{"om_disable_all_campaigns":false,"_monsterinsights_skip_tracking":false,"_monsterinsights_sitenote_active":false,"_monsterinsights_sitenote_note":"","_monsterinsights_sitenote_category":0},"product_cat":[336],"product_tag":[],"aioseo_notices":[],"_links":{"self":[{"href":"https:\/\/autopecasanhanguera.com.br\/index.php\/wp-json\/wp\/v2\/product\/11318"}],"collection":[{"href":"https:\/\/autopecasanhanguera.com.br\/index.php\/wp-json\/wp\/v2\/product"}],"about":[{"href":"https:\/\/autopecasanhanguera.com.br\/index.php\/wp-json\/wp\/v2\/types\/product"}],"wp:attachment":[{"href":"https:\/\/autopecasanhanguera.com.br\/index.php\/wp-json\/wp\/v2\/media?parent=11318"}],"wp:term":[{"taxonomy":"product_cat","embeddable":true,"href":"https:\/\/autopecasanhanguera.com.br\/index.php\/wp-json\/wp\/v2\/product_cat?post=11318"},{"taxonomy":"product_tag","embeddable":true,"href":"https:\/\/autopecasanhanguera.com.br\/index.php\/wp-json\/wp\/v2\/product_tag?post=11318"}],"curies":[{"name":"wp","href":"https:\/\/api.w.org\/{rel}","templated":true}]}}