{"id":1147,"date":"2022-11-23T21:09:02","date_gmt":"2022-11-23T21:09:02","guid":{"rendered":"https:\/\/autopecasanhanguera.com.br\/?post_type=product&#038;p=1147"},"modified":"2022-11-23T21:09:02","modified_gmt":"2022-11-23T21:09:02","slug":"borracha-cardan-chevett","status":"publish","type":"product","link":"https:\/\/autopecasanhanguera.com.br\/index.php\/product\/borracha-cardan-chevett\/","title":{"rendered":"BORRACHA CARDAN CHEVETT"},"content":{"rendered":"<p>DESCRI\u00c7\u00c3O= BORRACHA CARDAN CHEVETT C\u00d3DIGO DO FABRICANTE= ST12046 FT-003 MARCA = JAHU<\/p>\n","protected":false},"excerpt":{"rendered":"<p>DESCRI\u00c7\u00c3O= BORRACHA CARDAN CHEVETT C\u00d3DIGO DO FABRICANTE= ST12046 FT-003 MARCA = JAHU<\/p>\n","protected":false},"featured_media":0,"template":"","meta":{"om_disable_all_campaigns":false,"_monsterinsights_skip_tracking":false,"_monsterinsights_sitenote_active":false,"_monsterinsights_sitenote_note":"","_monsterinsights_sitenote_category":0},"product_cat":[256],"product_tag":[],"aioseo_notices":[],"_links":{"self":[{"href":"https:\/\/autopecasanhanguera.com.br\/index.php\/wp-json\/wp\/v2\/product\/1147"}],"collection":[{"href":"https:\/\/autopecasanhanguera.com.br\/index.php\/wp-json\/wp\/v2\/product"}],"about":[{"href":"https:\/\/autopecasanhanguera.com.br\/index.php\/wp-json\/wp\/v2\/types\/product"}],"wp:attachment":[{"href":"https:\/\/autopecasanhanguera.com.br\/index.php\/wp-json\/wp\/v2\/media?parent=1147"}],"wp:term":[{"taxonomy":"product_cat","embeddable":true,"href":"https:\/\/autopecasanhanguera.com.br\/index.php\/wp-json\/wp\/v2\/product_cat?post=1147"},{"taxonomy":"product_tag","embeddable":true,"href":"https:\/\/autopecasanhanguera.com.br\/index.php\/wp-json\/wp\/v2\/product_tag?post=1147"}],"curies":[{"name":"wp","href":"https:\/\/api.w.org\/{rel}","templated":true}]}}