{"id":13905,"date":"2022-11-23T21:23:49","date_gmt":"2022-11-23T21:23:49","guid":{"rendered":"https:\/\/autopecasanhanguera.com.br\/?post_type=product&#038;p=13905"},"modified":"2022-11-23T21:23:49","modified_gmt":"2022-11-23T21:23:49","slug":"prato-mola-gol-gv-diant","status":"publish","type":"product","link":"https:\/\/autopecasanhanguera.com.br\/index.php\/product\/prato-mola-gol-gv-diant\/","title":{"rendered":"PRATO MOLA GOL GV DIANT"},"content":{"rendered":"<p>DESCRI\u00c7\u00c3O= PRATO MOLA GOL GV DIANT C\u00d3DIGO DO FABRICANTE= 0730361*43*TRR*2PC MARCA = NEW<\/p>\n","protected":false},"excerpt":{"rendered":"<p>DESCRI\u00c7\u00c3O= PRATO MOLA GOL GV DIANT C\u00d3DIGO DO FABRICANTE= 0730361*43*TRR*2PC MARCA = NEW<\/p>\n","protected":false},"featured_media":0,"template":"","meta":{"om_disable_all_campaigns":false,"_monsterinsights_skip_tracking":false,"_monsterinsights_sitenote_active":false,"_monsterinsights_sitenote_note":"","_monsterinsights_sitenote_category":0},"product_cat":[92],"product_tag":[],"aioseo_notices":[],"_links":{"self":[{"href":"https:\/\/autopecasanhanguera.com.br\/index.php\/wp-json\/wp\/v2\/product\/13905"}],"collection":[{"href":"https:\/\/autopecasanhanguera.com.br\/index.php\/wp-json\/wp\/v2\/product"}],"about":[{"href":"https:\/\/autopecasanhanguera.com.br\/index.php\/wp-json\/wp\/v2\/types\/product"}],"wp:attachment":[{"href":"https:\/\/autopecasanhanguera.com.br\/index.php\/wp-json\/wp\/v2\/media?parent=13905"}],"wp:term":[{"taxonomy":"product_cat","embeddable":true,"href":"https:\/\/autopecasanhanguera.com.br\/index.php\/wp-json\/wp\/v2\/product_cat?post=13905"},{"taxonomy":"product_tag","embeddable":true,"href":"https:\/\/autopecasanhanguera.com.br\/index.php\/wp-json\/wp\/v2\/product_tag?post=13905"}],"curies":[{"name":"wp","href":"https:\/\/api.w.org\/{rel}","templated":true}]}}