{"id":14058,"date":"2022-11-23T21:23:59","date_gmt":"2022-11-23T21:23:59","guid":{"rendered":"https:\/\/autopecasanhanguera.com.br\/?post_type=product&#038;p=14058"},"modified":"2022-11-23T21:23:59","modified_gmt":"2022-11-23T21:23:59","slug":"espaguete-fio-1-5mm-2fio-preto","status":"publish","type":"product","link":"https:\/\/autopecasanhanguera.com.br\/index.php\/product\/espaguete-fio-1-5mm-2fio-preto\/","title":{"rendered":"ESPAGUETE FIO 1.5MM 2FIO PRETO"},"content":{"rendered":"<p>DESCRI\u00c7\u00c3O= ESPAGUETE FIO 1.5MM 2FIO PRETO C\u00d3DIGO DO FABRICANTE= ETE5252\/5258 MARCA = RAINHA DAS SETE<\/p>\n","protected":false},"excerpt":{"rendered":"<p>DESCRI\u00c7\u00c3O= ESPAGUETE FIO 1.5MM 2FIO PRETO C\u00d3DIGO DO FABRICANTE= ETE5252\/5258 MARCA = RAINHA DAS SETE<\/p>\n","protected":false},"featured_media":0,"template":"","meta":{"om_disable_all_campaigns":false,"_monsterinsights_skip_tracking":false,"_monsterinsights_sitenote_active":false,"_monsterinsights_sitenote_note":"","_monsterinsights_sitenote_category":0},"product_cat":[127],"product_tag":[],"aioseo_notices":[],"_links":{"self":[{"href":"https:\/\/autopecasanhanguera.com.br\/index.php\/wp-json\/wp\/v2\/product\/14058"}],"collection":[{"href":"https:\/\/autopecasanhanguera.com.br\/index.php\/wp-json\/wp\/v2\/product"}],"about":[{"href":"https:\/\/autopecasanhanguera.com.br\/index.php\/wp-json\/wp\/v2\/types\/product"}],"wp:attachment":[{"href":"https:\/\/autopecasanhanguera.com.br\/index.php\/wp-json\/wp\/v2\/media?parent=14058"}],"wp:term":[{"taxonomy":"product_cat","embeddable":true,"href":"https:\/\/autopecasanhanguera.com.br\/index.php\/wp-json\/wp\/v2\/product_cat?post=14058"},{"taxonomy":"product_tag","embeddable":true,"href":"https:\/\/autopecasanhanguera.com.br\/index.php\/wp-json\/wp\/v2\/product_tag?post=14058"}],"curies":[{"name":"wp","href":"https:\/\/api.w.org\/{rel}","templated":true}]}}