{"id":15001,"date":"2022-11-23T21:25:10","date_gmt":"2022-11-23T21:25:10","guid":{"rendered":"https:\/\/autopecasanhanguera.com.br\/?post_type=product&#038;p=15001"},"modified":"2022-11-23T21:25:10","modified_gmt":"2022-11-23T21:25:10","slug":"pastilha-freio-diant-bravo-mar","status":"publish","type":"product","link":"https:\/\/autopecasanhanguera.com.br\/index.php\/product\/pastilha-freio-diant-bravo-mar\/","title":{"rendered":"PASTILHA FREIO DIANT BRAVO MAR"},"content":{"rendered":"<p>DESCRI\u00c7\u00c3O= PASTILHA FREIO DIANT BRAVO MAR C\u00d3DIGO DO FABRICANTE= TK129 ECO129 PD-403B MARCA = TK FREIOS<\/p>\n","protected":false},"excerpt":{"rendered":"<p>DESCRI\u00c7\u00c3O= PASTILHA FREIO DIANT BRAVO MAR C\u00d3DIGO DO FABRICANTE= TK129 ECO129 PD-403B MARCA = TK FREIOS<\/p>\n","protected":false},"featured_media":0,"template":"","meta":{"om_disable_all_campaigns":false,"_monsterinsights_skip_tracking":false,"_monsterinsights_sitenote_active":false,"_monsterinsights_sitenote_note":"","_monsterinsights_sitenote_category":0},"product_cat":[99],"product_tag":[],"aioseo_notices":[],"_links":{"self":[{"href":"https:\/\/autopecasanhanguera.com.br\/index.php\/wp-json\/wp\/v2\/product\/15001"}],"collection":[{"href":"https:\/\/autopecasanhanguera.com.br\/index.php\/wp-json\/wp\/v2\/product"}],"about":[{"href":"https:\/\/autopecasanhanguera.com.br\/index.php\/wp-json\/wp\/v2\/types\/product"}],"wp:attachment":[{"href":"https:\/\/autopecasanhanguera.com.br\/index.php\/wp-json\/wp\/v2\/media?parent=15001"}],"wp:term":[{"taxonomy":"product_cat","embeddable":true,"href":"https:\/\/autopecasanhanguera.com.br\/index.php\/wp-json\/wp\/v2\/product_cat?post=15001"},{"taxonomy":"product_tag","embeddable":true,"href":"https:\/\/autopecasanhanguera.com.br\/index.php\/wp-json\/wp\/v2\/product_tag?post=15001"}],"curies":[{"name":"wp","href":"https:\/\/api.w.org\/{rel}","templated":true}]}}