{"id":16171,"date":"2022-11-23T21:25:22","date_gmt":"2022-11-23T21:25:22","guid":{"rendered":"https:\/\/autopecasanhanguera.com.br\/?post_type=product&#038;p=16171"},"modified":"2025-04-23T16:49:19","modified_gmt":"2025-04-23T16:49:19","slug":"conj-emb-gol-bx-1-6-vw-brazi","status":"publish","type":"product","link":"https:\/\/autopecasanhanguera.com.br\/index.php\/product\/conj-emb-gol-bx-1-6-vw-brazi\/","title":{"rendered":"CONJ EMB GOL BX 1.6 VW BRAZI"},"content":{"rendered":"<p>DESCRI\u00c7\u00c3O= CONJ EMB GOL BX 1.6 VW BRAZI C\u00d3DIGO DO FABRICANTE= *43* MARCA = RECONDICIONADO<\/p>\n","protected":false},"excerpt":{"rendered":"<p>DESCRI\u00c7\u00c3O= CONJ EMB GOL BX 1.6 VW BRAZI C\u00d3DIGO DO FABRICANTE= *43* MARCA = RECONDICIONADO<\/p>\n","protected":false},"featured_media":20765,"template":"","meta":{"om_disable_all_campaigns":false,"_monsterinsights_skip_tracking":false,"_monsterinsights_sitenote_active":false,"_monsterinsights_sitenote_note":"","_monsterinsights_sitenote_category":0},"product_cat":[154],"product_tag":[5373],"aioseo_notices":[],"_links":{"self":[{"href":"https:\/\/autopecasanhanguera.com.br\/index.php\/wp-json\/wp\/v2\/product\/16171"}],"collection":[{"href":"https:\/\/autopecasanhanguera.com.br\/index.php\/wp-json\/wp\/v2\/product"}],"about":[{"href":"https:\/\/autopecasanhanguera.com.br\/index.php\/wp-json\/wp\/v2\/types\/product"}],"wp:featuredmedia":[{"embeddable":true,"href":"https:\/\/autopecasanhanguera.com.br\/index.php\/wp-json\/wp\/v2\/media\/20765"}],"wp:attachment":[{"href":"https:\/\/autopecasanhanguera.com.br\/index.php\/wp-json\/wp\/v2\/media?parent=16171"}],"wp:term":[{"taxonomy":"product_cat","embeddable":true,"href":"https:\/\/autopecasanhanguera.com.br\/index.php\/wp-json\/wp\/v2\/product_cat?post=16171"},{"taxonomy":"product_tag","embeddable":true,"href":"https:\/\/autopecasanhanguera.com.br\/index.php\/wp-json\/wp\/v2\/product_tag?post=16171"}],"curies":[{"name":"wp","href":"https:\/\/api.w.org\/{rel}","templated":true}]}}