{"id":17357,"date":"2022-11-23T21:26:10","date_gmt":"2022-11-23T21:26:10","guid":{"rendered":"https:\/\/autopecasanhanguera.com.br\/?post_type=product&#038;p=17357"},"modified":"2023-10-26T19:53:59","modified_gmt":"2023-10-26T19:53:59","slug":"espelho-retrovisor-celta-prism","status":"publish","type":"product","link":"https:\/\/autopecasanhanguera.com.br\/index.php\/product\/espelho-retrovisor-celta-prism\/","title":{"rendered":"ESPELHO RETROVISOR CELTA PRISM"},"content":{"rendered":"<p>DESCRI\u00c7\u00c3O= ESPELHO RETROVISOR CELTA PRISM C\u00d3DIGO DO FABRICANTE= RGRM90 BLAW7224 MARCA = BLAWER<\/p>\n","protected":false},"excerpt":{"rendered":"<p>DESCRI\u00c7\u00c3O= ESPELHO RETROVISOR CELTA PRISM C\u00d3DIGO DO FABRICANTE= RGRM90 BLAW7224 MARCA = BLAWER<\/p>\n","protected":false},"featured_media":20604,"template":"","meta":{"om_disable_all_campaigns":false,"_monsterinsights_skip_tracking":false,"_monsterinsights_sitenote_active":false,"_monsterinsights_sitenote_note":"","_monsterinsights_sitenote_category":0},"product_cat":[89],"product_tag":[5185,4805,5025],"aioseo_notices":[],"_links":{"self":[{"href":"https:\/\/autopecasanhanguera.com.br\/index.php\/wp-json\/wp\/v2\/product\/17357"}],"collection":[{"href":"https:\/\/autopecasanhanguera.com.br\/index.php\/wp-json\/wp\/v2\/product"}],"about":[{"href":"https:\/\/autopecasanhanguera.com.br\/index.php\/wp-json\/wp\/v2\/types\/product"}],"wp:featuredmedia":[{"embeddable":true,"href":"https:\/\/autopecasanhanguera.com.br\/index.php\/wp-json\/wp\/v2\/media\/20604"}],"wp:attachment":[{"href":"https:\/\/autopecasanhanguera.com.br\/index.php\/wp-json\/wp\/v2\/media?parent=17357"}],"wp:term":[{"taxonomy":"product_cat","embeddable":true,"href":"https:\/\/autopecasanhanguera.com.br\/index.php\/wp-json\/wp\/v2\/product_cat?post=17357"},{"taxonomy":"product_tag","embeddable":true,"href":"https:\/\/autopecasanhanguera.com.br\/index.php\/wp-json\/wp\/v2\/product_tag?post=17357"}],"curies":[{"name":"wp","href":"https:\/\/api.w.org\/{rel}","templated":true}]}}