{"id":18639,"date":"2022-11-23T21:26:59","date_gmt":"2022-11-23T21:26:59","guid":{"rendered":"https:\/\/autopecasanhanguera.com.br\/?post_type=product&#038;p=18639"},"modified":"2023-09-21T17:35:58","modified_gmt":"2023-09-21T17:35:58","slug":"maquina-vidro-corsa-4pts-ele","status":"publish","type":"product","link":"https:\/\/autopecasanhanguera.com.br\/index.php\/product\/maquina-vidro-corsa-4pts-ele\/","title":{"rendered":"MAQUINA VIDRO CORSA 4PTS ELE"},"content":{"rendered":"<p>DESCRI\u00c7\u00c3O= MAQUINA VIDRO CORSA 4PTS ELE C\u00d3DIGO DO FABRICANTE= MARCA = ZINNI<\/p>\n","protected":false},"excerpt":{"rendered":"<p>DESCRI\u00c7\u00c3O= MAQUINA VIDRO CORSA 4PTS ELE C\u00d3DIGO DO FABRICANTE= MARCA = ZINNI<\/p>\n","protected":false},"featured_media":20450,"template":"","meta":{"om_disable_all_campaigns":false,"_monsterinsights_skip_tracking":false,"_monsterinsights_sitenote_active":false,"_monsterinsights_sitenote_note":"","_monsterinsights_sitenote_category":0},"product_cat":[89],"product_tag":[4705,4941,4940,4939],"aioseo_notices":[],"_links":{"self":[{"href":"https:\/\/autopecasanhanguera.com.br\/index.php\/wp-json\/wp\/v2\/product\/18639"}],"collection":[{"href":"https:\/\/autopecasanhanguera.com.br\/index.php\/wp-json\/wp\/v2\/product"}],"about":[{"href":"https:\/\/autopecasanhanguera.com.br\/index.php\/wp-json\/wp\/v2\/types\/product"}],"wp:featuredmedia":[{"embeddable":true,"href":"https:\/\/autopecasanhanguera.com.br\/index.php\/wp-json\/wp\/v2\/media\/20450"}],"wp:attachment":[{"href":"https:\/\/autopecasanhanguera.com.br\/index.php\/wp-json\/wp\/v2\/media?parent=18639"}],"wp:term":[{"taxonomy":"product_cat","embeddable":true,"href":"https:\/\/autopecasanhanguera.com.br\/index.php\/wp-json\/wp\/v2\/product_cat?post=18639"},{"taxonomy":"product_tag","embeddable":true,"href":"https:\/\/autopecasanhanguera.com.br\/index.php\/wp-json\/wp\/v2\/product_tag?post=18639"}],"curies":[{"name":"wp","href":"https:\/\/api.w.org\/{rel}","templated":true}]}}