{"id":1961,"date":"2022-11-23T21:11:07","date_gmt":"2022-11-23T21:11:07","guid":{"rendered":"https:\/\/autopecasanhanguera.com.br\/?post_type=product&#038;p=1961"},"modified":"2022-11-23T21:11:07","modified_gmt":"2022-11-23T21:11:07","slug":"agulha-boia-sol-carb-mon-kad-s","status":"publish","type":"product","link":"https:\/\/autopecasanhanguera.com.br\/index.php\/product\/agulha-boia-sol-carb-mon-kad-s\/","title":{"rendered":"AGULHA BOIA SOL CARB MON KAD S"},"content":{"rendered":"<p>DESCRI\u00c7\u00c3O= AGULHA BOIA SOL CARB MON KAD S C\u00d3DIGO DO FABRICANTE= 151,GALIBRE MARCA = WB<\/p>\n","protected":false},"excerpt":{"rendered":"<p>DESCRI\u00c7\u00c3O= AGULHA BOIA SOL CARB MON KAD S C\u00d3DIGO DO FABRICANTE= 151,GALIBRE MARCA = WB<\/p>\n","protected":false},"featured_media":0,"template":"","meta":{"om_disable_all_campaigns":false,"_monsterinsights_skip_tracking":false,"_monsterinsights_sitenote_active":false,"_monsterinsights_sitenote_note":"","_monsterinsights_sitenote_category":0},"product_cat":[300],"product_tag":[],"aioseo_notices":[],"_links":{"self":[{"href":"https:\/\/autopecasanhanguera.com.br\/index.php\/wp-json\/wp\/v2\/product\/1961"}],"collection":[{"href":"https:\/\/autopecasanhanguera.com.br\/index.php\/wp-json\/wp\/v2\/product"}],"about":[{"href":"https:\/\/autopecasanhanguera.com.br\/index.php\/wp-json\/wp\/v2\/types\/product"}],"wp:attachment":[{"href":"https:\/\/autopecasanhanguera.com.br\/index.php\/wp-json\/wp\/v2\/media?parent=1961"}],"wp:term":[{"taxonomy":"product_cat","embeddable":true,"href":"https:\/\/autopecasanhanguera.com.br\/index.php\/wp-json\/wp\/v2\/product_cat?post=1961"},{"taxonomy":"product_tag","embeddable":true,"href":"https:\/\/autopecasanhanguera.com.br\/index.php\/wp-json\/wp\/v2\/product_tag?post=1961"}],"curies":[{"name":"wp","href":"https:\/\/api.w.org\/{rel}","templated":true}]}}