{"id":2096,"date":"2022-11-23T21:11:27","date_gmt":"2022-11-23T21:11:27","guid":{"rendered":"https:\/\/autopecasanhanguera.com.br\/?post_type=product&#038;p=2096"},"modified":"2022-11-23T21:11:27","modified_gmt":"2022-11-23T21:11:27","slug":"borracha-porta-chevete-marajo","status":"publish","type":"product","link":"https:\/\/autopecasanhanguera.com.br\/index.php\/product\/borracha-porta-chevete-marajo\/","title":{"rendered":"BORRACHA PORTA CHEVETE MARAJO"},"content":{"rendered":"<p>DESCRI\u00c7\u00c3O= BORRACHA PORTA CHEVETE MARAJO C\u00d3DIGO DO FABRICANTE= JA000423 B-103 MARCA = J-LEAL<\/p>\n","protected":false},"excerpt":{"rendered":"<p>DESCRI\u00c7\u00c3O= BORRACHA PORTA CHEVETE MARAJO C\u00d3DIGO DO FABRICANTE= JA000423 B-103 MARCA = J-LEAL<\/p>\n","protected":false},"featured_media":0,"template":"","meta":{"om_disable_all_campaigns":false,"_monsterinsights_skip_tracking":false,"_monsterinsights_sitenote_active":false,"_monsterinsights_sitenote_note":"","_monsterinsights_sitenote_category":0},"product_cat":[191],"product_tag":[],"aioseo_notices":[],"_links":{"self":[{"href":"https:\/\/autopecasanhanguera.com.br\/index.php\/wp-json\/wp\/v2\/product\/2096"}],"collection":[{"href":"https:\/\/autopecasanhanguera.com.br\/index.php\/wp-json\/wp\/v2\/product"}],"about":[{"href":"https:\/\/autopecasanhanguera.com.br\/index.php\/wp-json\/wp\/v2\/types\/product"}],"wp:attachment":[{"href":"https:\/\/autopecasanhanguera.com.br\/index.php\/wp-json\/wp\/v2\/media?parent=2096"}],"wp:term":[{"taxonomy":"product_cat","embeddable":true,"href":"https:\/\/autopecasanhanguera.com.br\/index.php\/wp-json\/wp\/v2\/product_cat?post=2096"},{"taxonomy":"product_tag","embeddable":true,"href":"https:\/\/autopecasanhanguera.com.br\/index.php\/wp-json\/wp\/v2\/product_tag?post=2096"}],"curies":[{"name":"wp","href":"https:\/\/api.w.org\/{rel}","templated":true}]}}