{"id":3311,"date":"2022-11-23T21:14:09","date_gmt":"2022-11-23T21:14:09","guid":{"rendered":"https:\/\/autopecasanhanguera.com.br\/?post_type=product&#038;p=3311"},"modified":"2022-11-23T21:14:09","modified_gmt":"2022-11-23T21:14:09","slug":"disco-freio-gol-voy-pst-solido","status":"publish","type":"product","link":"https:\/\/autopecasanhanguera.com.br\/index.php\/product\/disco-freio-gol-voy-pst-solido\/","title":{"rendered":"DISCO FREIO GOL VOY PST SOLIDO"},"content":{"rendered":"<p>DESCRI\u00c7\u00c3O= DISCO FREIO GOL VOY PST SOLIDO C\u00d3DIGO DO FABRICANTE= HF01 480RPD HS33040 MARCA = HIPPER<\/p>\n","protected":false},"excerpt":{"rendered":"<p>DESCRI\u00c7\u00c3O= DISCO FREIO GOL VOY PST SOLIDO C\u00d3DIGO DO FABRICANTE= HF01 480RPD HS33040 MARCA = HIPPER<\/p>\n","protected":false},"featured_media":0,"template":"","meta":{"om_disable_all_campaigns":false,"_monsterinsights_skip_tracking":false,"_monsterinsights_sitenote_active":false,"_monsterinsights_sitenote_note":"","_monsterinsights_sitenote_category":0},"product_cat":[99],"product_tag":[],"aioseo_notices":[],"_links":{"self":[{"href":"https:\/\/autopecasanhanguera.com.br\/index.php\/wp-json\/wp\/v2\/product\/3311"}],"collection":[{"href":"https:\/\/autopecasanhanguera.com.br\/index.php\/wp-json\/wp\/v2\/product"}],"about":[{"href":"https:\/\/autopecasanhanguera.com.br\/index.php\/wp-json\/wp\/v2\/types\/product"}],"wp:attachment":[{"href":"https:\/\/autopecasanhanguera.com.br\/index.php\/wp-json\/wp\/v2\/media?parent=3311"}],"wp:term":[{"taxonomy":"product_cat","embeddable":true,"href":"https:\/\/autopecasanhanguera.com.br\/index.php\/wp-json\/wp\/v2\/product_cat?post=3311"},{"taxonomy":"product_tag","embeddable":true,"href":"https:\/\/autopecasanhanguera.com.br\/index.php\/wp-json\/wp\/v2\/product_tag?post=3311"}],"curies":[{"name":"wp","href":"https:\/\/api.w.org\/{rel}","templated":true}]}}