{"id":3560,"date":"2022-11-23T21:14:40","date_gmt":"2022-11-23T21:14:40","guid":{"rendered":"https:\/\/autopecasanhanguera.com.br\/?post_type=product&#038;p=3560"},"modified":"2022-11-23T21:14:40","modified_gmt":"2022-11-23T21:14:40","slug":"vela-ign-corcel-escort-cht-alc","status":"publish","type":"product","link":"https:\/\/autopecasanhanguera.com.br\/index.php\/product\/vela-ign-corcel-escort-cht-alc\/","title":{"rendered":"VELA IGN CORCEL ESCORT CHT ALC"},"content":{"rendered":"<p>DESCRI\u00c7\u00c3O= VELA IGN CORCEL ESCORT CHT ALC C\u00d3DIGO DO FABRICANTE= BCPR5ES F000KE0P07 MARCA = NGK<\/p>\n","protected":false},"excerpt":{"rendered":"<p>DESCRI\u00c7\u00c3O= VELA IGN CORCEL ESCORT CHT ALC C\u00d3DIGO DO FABRICANTE= BCPR5ES F000KE0P07 MARCA = NGK<\/p>\n","protected":false},"featured_media":0,"template":"","meta":{"om_disable_all_campaigns":false,"_monsterinsights_skip_tracking":false,"_monsterinsights_sitenote_active":false,"_monsterinsights_sitenote_note":"","_monsterinsights_sitenote_category":0},"product_cat":[127],"product_tag":[],"aioseo_notices":[],"_links":{"self":[{"href":"https:\/\/autopecasanhanguera.com.br\/index.php\/wp-json\/wp\/v2\/product\/3560"}],"collection":[{"href":"https:\/\/autopecasanhanguera.com.br\/index.php\/wp-json\/wp\/v2\/product"}],"about":[{"href":"https:\/\/autopecasanhanguera.com.br\/index.php\/wp-json\/wp\/v2\/types\/product"}],"wp:attachment":[{"href":"https:\/\/autopecasanhanguera.com.br\/index.php\/wp-json\/wp\/v2\/media?parent=3560"}],"wp:term":[{"taxonomy":"product_cat","embeddable":true,"href":"https:\/\/autopecasanhanguera.com.br\/index.php\/wp-json\/wp\/v2\/product_cat?post=3560"},{"taxonomy":"product_tag","embeddable":true,"href":"https:\/\/autopecasanhanguera.com.br\/index.php\/wp-json\/wp\/v2\/product_tag?post=3560"}],"curies":[{"name":"wp","href":"https:\/\/api.w.org\/{rel}","templated":true}]}}