{"id":3666,"date":"2022-11-23T21:14:53","date_gmt":"2022-11-23T21:14:53","guid":{"rendered":"https:\/\/autopecasanhanguera.com.br\/?post_type=product&#038;p=3666"},"modified":"2022-11-23T21:14:53","modified_gmt":"2022-11-23T21:14:53","slug":"silencioso-corcel-cano-saida-m","status":"publish","type":"product","link":"https:\/\/autopecasanhanguera.com.br\/index.php\/product\/silencioso-corcel-cano-saida-m\/","title":{"rendered":"SILENCIOSO CORCEL CANO SAIDA M"},"content":{"rendered":"<p>DESCRI\u00c7\u00c3O= SILENCIOSO CORCEL CANO SAIDA M C\u00d3DIGO DO FABRICANTE= 279G 430g MARCA = ATLANTA<\/p>\n","protected":false},"excerpt":{"rendered":"<p>DESCRI\u00c7\u00c3O= SILENCIOSO CORCEL CANO SAIDA M C\u00d3DIGO DO FABRICANTE= 279G 430g MARCA = ATLANTA<\/p>\n","protected":false},"featured_media":0,"template":"","meta":{"om_disable_all_campaigns":false,"_monsterinsights_skip_tracking":false,"_monsterinsights_sitenote_active":false,"_monsterinsights_sitenote_note":"","_monsterinsights_sitenote_category":0},"product_cat":[142],"product_tag":[],"aioseo_notices":[],"_links":{"self":[{"href":"https:\/\/autopecasanhanguera.com.br\/index.php\/wp-json\/wp\/v2\/product\/3666"}],"collection":[{"href":"https:\/\/autopecasanhanguera.com.br\/index.php\/wp-json\/wp\/v2\/product"}],"about":[{"href":"https:\/\/autopecasanhanguera.com.br\/index.php\/wp-json\/wp\/v2\/types\/product"}],"wp:attachment":[{"href":"https:\/\/autopecasanhanguera.com.br\/index.php\/wp-json\/wp\/v2\/media?parent=3666"}],"wp:term":[{"taxonomy":"product_cat","embeddable":true,"href":"https:\/\/autopecasanhanguera.com.br\/index.php\/wp-json\/wp\/v2\/product_cat?post=3666"},{"taxonomy":"product_tag","embeddable":true,"href":"https:\/\/autopecasanhanguera.com.br\/index.php\/wp-json\/wp\/v2\/product_tag?post=3666"}],"curies":[{"name":"wp","href":"https:\/\/api.w.org\/{rel}","templated":true}]}}