{"id":3899,"date":"2022-11-23T21:15:20","date_gmt":"2022-11-23T21:15:20","guid":{"rendered":"https:\/\/autopecasanhanguera.com.br\/?post_type=product&#038;p=3899"},"modified":"2022-11-23T21:15:20","modified_gmt":"2022-11-23T21:15:20","slug":"kit-esticador-w5803","status":"publish","type":"product","link":"https:\/\/autopecasanhanguera.com.br\/index.php\/product\/kit-esticador-w5803\/","title":{"rendered":"KIT ESTICADOR W5803"},"content":{"rendered":"<p>DESCRI\u00c7\u00c3O= KIT ESTICADOR W5803 C\u00d3DIGO DO FABRICANTE= W5803 MARCA = GM<\/p>\n","protected":false},"excerpt":{"rendered":"<p>DESCRI\u00c7\u00c3O= KIT ESTICADOR W5803 C\u00d3DIGO DO FABRICANTE= W5803 MARCA = GM<\/p>\n","protected":false},"featured_media":0,"template":"","meta":{"om_disable_all_campaigns":false,"_monsterinsights_skip_tracking":false,"_monsterinsights_sitenote_active":false,"_monsterinsights_sitenote_note":"","_monsterinsights_sitenote_category":0},"product_cat":[154],"product_tag":[],"aioseo_notices":[],"_links":{"self":[{"href":"https:\/\/autopecasanhanguera.com.br\/index.php\/wp-json\/wp\/v2\/product\/3899"}],"collection":[{"href":"https:\/\/autopecasanhanguera.com.br\/index.php\/wp-json\/wp\/v2\/product"}],"about":[{"href":"https:\/\/autopecasanhanguera.com.br\/index.php\/wp-json\/wp\/v2\/types\/product"}],"wp:attachment":[{"href":"https:\/\/autopecasanhanguera.com.br\/index.php\/wp-json\/wp\/v2\/media?parent=3899"}],"wp:term":[{"taxonomy":"product_cat","embeddable":true,"href":"https:\/\/autopecasanhanguera.com.br\/index.php\/wp-json\/wp\/v2\/product_cat?post=3899"},{"taxonomy":"product_tag","embeddable":true,"href":"https:\/\/autopecasanhanguera.com.br\/index.php\/wp-json\/wp\/v2\/product_tag?post=3899"}],"curies":[{"name":"wp","href":"https:\/\/api.w.org\/{rel}","templated":true}]}}