{"id":4472,"date":"2022-11-23T21:16:33","date_gmt":"2022-11-23T21:16:33","guid":{"rendered":"https:\/\/autopecasanhanguera.com.br\/?post_type=product&#038;p=4472"},"modified":"2022-11-23T21:16:33","modified_gmt":"2022-11-23T21:16:33","slug":"protetor-solar-aluminio-dobrav","status":"publish","type":"product","link":"https:\/\/autopecasanhanguera.com.br\/index.php\/product\/protetor-solar-aluminio-dobrav\/","title":{"rendered":"PROTETOR SOLAR ALUMINIO DOBRAV"},"content":{"rendered":"<p>DESCRI\u00c7\u00c3O= PROTETOR SOLAR ALUMINIO DOBRAV C\u00d3DIGO DO FABRICANTE= 257  520056 MARCA = CHG<\/p>\n","protected":false},"excerpt":{"rendered":"<p>DESCRI\u00c7\u00c3O= PROTETOR SOLAR ALUMINIO DOBRAV C\u00d3DIGO DO FABRICANTE= 257 520056 MARCA = CHG<\/p>\n","protected":false},"featured_media":0,"template":"","meta":{"om_disable_all_campaigns":false,"_monsterinsights_skip_tracking":false,"_monsterinsights_sitenote_active":false,"_monsterinsights_sitenote_note":"","_monsterinsights_sitenote_category":0},"product_cat":[89],"product_tag":[],"aioseo_notices":[],"_links":{"self":[{"href":"https:\/\/autopecasanhanguera.com.br\/index.php\/wp-json\/wp\/v2\/product\/4472"}],"collection":[{"href":"https:\/\/autopecasanhanguera.com.br\/index.php\/wp-json\/wp\/v2\/product"}],"about":[{"href":"https:\/\/autopecasanhanguera.com.br\/index.php\/wp-json\/wp\/v2\/types\/product"}],"wp:attachment":[{"href":"https:\/\/autopecasanhanguera.com.br\/index.php\/wp-json\/wp\/v2\/media?parent=4472"}],"wp:term":[{"taxonomy":"product_cat","embeddable":true,"href":"https:\/\/autopecasanhanguera.com.br\/index.php\/wp-json\/wp\/v2\/product_cat?post=4472"},{"taxonomy":"product_tag","embeddable":true,"href":"https:\/\/autopecasanhanguera.com.br\/index.php\/wp-json\/wp\/v2\/product_tag?post=4472"}],"curies":[{"name":"wp","href":"https:\/\/api.w.org\/{rel}","templated":true}]}}