{"id":5752,"date":"2022-11-23T21:18:29","date_gmt":"2022-11-23T21:18:29","guid":{"rendered":"https:\/\/autopecasanhanguera.com.br\/?post_type=product&#038;p=5752"},"modified":"2022-11-23T21:18:29","modified_gmt":"2022-11-23T21:18:29","slug":"bomba-comb-ele-gol-uno-1a3-bar","status":"publish","type":"product","link":"https:\/\/autopecasanhanguera.com.br\/index.php\/product\/bomba-comb-ele-gol-uno-1a3-bar\/","title":{"rendered":"BOMBA COMB ELE GOL UNO 1A3 BAR"},"content":{"rendered":"<p>DESCRI\u00c7\u00c3O= BOMBA COMB ELE GOL UNO 1A3 BAR C\u00d3DIGO DO FABRICANTE= SEI0001 GAGI3103 MARCA = ELETROPEL<\/p>\n","protected":false},"excerpt":{"rendered":"<p>DESCRI\u00c7\u00c3O= BOMBA COMB ELE GOL UNO 1A3 BAR C\u00d3DIGO DO FABRICANTE= SEI0001 GAGI3103 MARCA = ELETROPEL<\/p>\n","protected":false},"featured_media":0,"template":"","meta":{"om_disable_all_campaigns":false,"_monsterinsights_skip_tracking":false,"_monsterinsights_sitenote_active":false,"_monsterinsights_sitenote_note":"","_monsterinsights_sitenote_category":0},"product_cat":[127],"product_tag":[],"aioseo_notices":[],"_links":{"self":[{"href":"https:\/\/autopecasanhanguera.com.br\/index.php\/wp-json\/wp\/v2\/product\/5752"}],"collection":[{"href":"https:\/\/autopecasanhanguera.com.br\/index.php\/wp-json\/wp\/v2\/product"}],"about":[{"href":"https:\/\/autopecasanhanguera.com.br\/index.php\/wp-json\/wp\/v2\/types\/product"}],"wp:attachment":[{"href":"https:\/\/autopecasanhanguera.com.br\/index.php\/wp-json\/wp\/v2\/media?parent=5752"}],"wp:term":[{"taxonomy":"product_cat","embeddable":true,"href":"https:\/\/autopecasanhanguera.com.br\/index.php\/wp-json\/wp\/v2\/product_cat?post=5752"},{"taxonomy":"product_tag","embeddable":true,"href":"https:\/\/autopecasanhanguera.com.br\/index.php\/wp-json\/wp\/v2\/product_tag?post=5752"}],"curies":[{"name":"wp","href":"https:\/\/api.w.org\/{rel}","templated":true}]}}