{"id":703,"date":"2022-11-23T21:05:44","date_gmt":"2022-11-23T21:05:44","guid":{"rendered":"https:\/\/autopecasanhanguera.com.br\/?post_type=product&#038;p=703"},"modified":"2022-11-23T21:05:44","modified_gmt":"2022-11-23T21:05:44","slug":"cabo-vela-opala-4cil-maxi-cvrg","status":"publish","type":"product","link":"https:\/\/autopecasanhanguera.com.br\/index.php\/product\/cabo-vela-opala-4cil-maxi-cvrg\/","title":{"rendered":"CABO VELA OPALA 4CIL MAXI-CVRG"},"content":{"rendered":"<p>DESCRI\u00c7\u00c3O= CABO VELA OPALA 4CIL MAXI-CVRG C\u00d3DIGO DO FABRICANTE= DY-639403 9295080001 MARCA = BRASIL COMPONENTES A<\/p>\n","protected":false},"excerpt":{"rendered":"<p>DESCRI\u00c7\u00c3O= CABO VELA OPALA 4CIL MAXI-CVRG C\u00d3DIGO DO FABRICANTE= DY-639403 9295080001 MARCA = BRASIL COMPONENTES A<\/p>\n","protected":false},"featured_media":0,"template":"","meta":{"om_disable_all_campaigns":false,"_monsterinsights_skip_tracking":false,"_monsterinsights_sitenote_active":false,"_monsterinsights_sitenote_note":"","_monsterinsights_sitenote_category":0},"product_cat":[87],"product_tag":[],"aioseo_notices":[],"_links":{"self":[{"href":"https:\/\/autopecasanhanguera.com.br\/index.php\/wp-json\/wp\/v2\/product\/703"}],"collection":[{"href":"https:\/\/autopecasanhanguera.com.br\/index.php\/wp-json\/wp\/v2\/product"}],"about":[{"href":"https:\/\/autopecasanhanguera.com.br\/index.php\/wp-json\/wp\/v2\/types\/product"}],"wp:attachment":[{"href":"https:\/\/autopecasanhanguera.com.br\/index.php\/wp-json\/wp\/v2\/media?parent=703"}],"wp:term":[{"taxonomy":"product_cat","embeddable":true,"href":"https:\/\/autopecasanhanguera.com.br\/index.php\/wp-json\/wp\/v2\/product_cat?post=703"},{"taxonomy":"product_tag","embeddable":true,"href":"https:\/\/autopecasanhanguera.com.br\/index.php\/wp-json\/wp\/v2\/product_tag?post=703"}],"curies":[{"name":"wp","href":"https:\/\/api.w.org\/{rel}","templated":true}]}}